 + 29. What is the remainder when b(16) is divided by 16?
13
Suppose -21*b = -24*b + 36. Let p(v) = 5*v - 15. What is the remainder when p(b) is divided by 23?
22
Let j = -2 + -3. Let l be j/1 - (0 + -1). What is the remainder when l/(-10) - (-1022)/70 is divided by 9?
6
Suppose -x - 36 = -3*x - 4*b, -5*b + 57 = 4*x. Suppose 23 = 5*l - 3*u, -13*u = 5*l - 11*u - 18. What is the remainder when x is divided by l?
0
Suppose -4*g - 15 = -g. Let f = g + 9. Suppose 4*n + 48 = s + f*s, -4*s - 3*n = -57. What is the remainder when 46 is divided by s?
10
Let i(x) = 65*x**2 + x. Let w(o) = -o**3 - 10*o**2 - 20*o + 37. Calculate the remainder when i(-1) is divided by w(-6).
12
Let h = -66 + 68. Let k = 14 + -10. Suppose -3*o + 24 = -h*o - 5*g, -2*g - 60 = -k*o. Calculate the remainder when 53 is divided by o.
11
Calculate the remainder when 1178/8 - (-29)/(-116) is divided by 15.
12
Calculate the remainder when 195 is divided by ((-276)/(-184))/(45/22 + -2).
30
Let n = 158 + 26. Suppose 0 = 2*z - 6*z + n. Calculate the remainder when z is divided by 16.
14
Suppose 22 = 3*d - 3*f - 8, 4*d - 49 = -5*f. Let h(y) = -y**2 - 20*y - 72. What is the remainder when h(-11) is divided by d?
5
Let g(q) = -q**2 + 29*q - 40. Calculate the remainder when g(16) is divided by 43.
39
Suppose 6*q = q + 60. Suppose 0 = -s - 3*u + u + 19, -5*s = -2*u - 35. Let j = s - -36. Calculate the remainder when j is divided by q.
9
Suppose -i - 4*i - 4*z + 30 = 0, -i + 12 = 2*z. Suppose 28 = i*m - 8. Calculate the remainder when 69 is divided by m.
15
Calculate the remainder when 272 is divided by ((-55)/(-2))/(27/54).
52
Let w = 65 + -16. Suppose w*f - 45*f - 152 = 0. What is the remainder when 265 is divided by f?
37
Let m(c) = -5*c + 231. What is the remainder when m(-19) is divided by 10?
6
Let n(s) = 2*s**2 + 2*s - 1. Let m(b) = 2*b + 2. Let c be m(-3). Let w be c/6 + 152/(-24). What is the remainder when n(w) is divided by 21?
20
Suppose -3*o + 960 - 240 = 3*b, b - 232 = o. Calculate the remainder when b is divided by 231.
5
Suppose -20*r + 261 = 2*p - 19*r, -399 = -3*p - 4*r. Calculate the remainder when p is divided by 11/(2*2/12).
30
Let d(s) = -2*s**3 - 7*s**2 - 5*s - 2. Let l(a) = -a**2 - 11*a - 21. Let v be l(-9). Let g = 7 - 2. Calculate the remainder when g is divided by d(v).
1
Let o = -26 - -59. Suppose 2*s - c - 181 - 184 = 0, s + 3*c - 165 = 0. What is the remainder when o is divided by 1 - 1 - s/(-15)?
9
Suppose 5*c = -5*w + 245, -5*c = -0*c + 20. What is the remainder when 261 is divided by w?
49
Let v = 660 - 387. Calculate the remainder when v is divided by 56.
49
Suppose 56*d + 441 = 9233. What is the remainder when 2040 is divided by d?
156
Let n = 39 + 22. Calculate the remainder when n is divided by 13.
9
Let b be -4 - (0 + (6 - 3)). Let r(o) = -2*o - 2. What is the remainder when r(b) is divided by 6/(11 - 5)*(0 + 7)?
5
Suppose -4*u = 10 - 2, -31 = -3*f - u. Suppose 40 = -f*z + 12*z. What is the remainder when z is divided by 3?
1
Let s(f) = -f**3 + 5*f**2 - 3*f - 4. Suppose -9 = -2*p - p. Let c be s(p). Let g = c - -2. What is the remainder when g is divided by 5?
2
Suppose -5*u + 90 = -0*u. Suppose -u + 48 = d. What is the remainder when 88 is divided by d?
28
Suppose 0 = 34*s - 29*s - 235. What is the remainder when s is divided by 9?
2
Suppose 4*f - 96 = -5*r, 4*f + 18 = 4*r - 30. Suppose -4*n - n + 305 = 0. What is the remainder when n is divided by r?
13
Suppose 148*j - 122*j - 2262 = 0. What is the remainder when 331 is divided by j?
70
Suppose -5*g - u + 10 = 0, 0 = -0*u + 5*u - 25. What is the remainder when (-170)/(-25) + g/5 is divided by 2?
1
Let x(a) = a**2 + 10*a - 29. Let m(d) = -d**2 - 10*d + 28. Let b(y) = 3*m(y) + 2*x(y). Calculate the remainder when 48 is divided by b(-10).
22
Suppose -2*d - 408 = -4*m, -4*d = m - 2*d - 107. Calculate the remainder when m is divided by 11.
4
Suppose 54 = 2*d - 28. Let s(j) = j**2 + 22*j - 15. Let b be s(-21). Let i = b + 57. What is the remainder when d is divided by i?
20
Suppose -4*i + 170 = 58. Suppose 36 + i = 4*m. Suppose 12 = -4*p, -g + 5*p = 3*p - 51. What is the remainder when g is divided by m?
13
Suppose -j + 3*l + 19 = 0, 0 = -j + 3*l - 8*l - 13. Suppose -4*x + 4*v = 0, 2*x + 40 = j*x + 5*v. Calculate the remainder when 12 is divided by x.
0
Suppose 3*p + 486 + 464 = -4*a, 0 = 4*p + 4*a + 1260. What is the remainder when 33 is divided by p/(-34) - (-8)/(-204)*3?
6
Let q(k) = -3*k**2 - 23*k - 28. What is the remainder when q(-5) is divided by 5?
2
Let l = 143 + -129. Calculate the remainder when l is divided by 2.
0
Suppose -x - f + 18 = 0, -3*f = -3*x + 7*x - 69. Suppose 20 = -u + 5*u. Calculate the remainder when x is divided by u.
0
Suppose 5 = -5*p, -4*m + m - p = -80. Calculate the remainder when 215 is divided by m.
26
Suppose 7 + 53 = 3*k. Let w be 2/9 - 70/(-90). Suppose 0 = -2*b - w + 23. Calculate the remainder when k is divided by b.
9
Let j be 12/14*(4 - (-10)/15). Suppose -j*r + 5*c + 64 + 115 = 0, -c - 85 = -2*r. What is the remainder when r is divided by 21?
20
Let b(h) = 49*h + 5. Calculate the remainder when b(2) is divided by 36.
31
Suppose -10*y + 35 = 115. Let k = 42 + y. What is the remainder when 62 is divided by k?
28
Suppose -36*t - 1343 = -53*t. What is the remainder when t is divided by 16?
15
Suppose 4*p - 6 = 10. Suppose 5*i + 7 = -4*v + 25, -2*i - 2*v = -8. Suppose i*o = 24 - p. Calculate the remainder when 18 is divided by o.
8
Suppose -10*p + 140 = -1090. Calculate the remainder when p is divided by 119.
4
Let d = 28 - 32. Let s = 19 + d. Calculate the remainder when -1 - (-60 + 0/(-2)) is divided by s.
14
Let s = -1898 + 2076. Calculate the remainder when s is divided by 176.
2
Let a(r) = 23*r**2 + 6*r. Calculate the remainder when a(-3) is divided by 48.
45
Suppose -342 + 6 = -28*o. Suppose -65 = -2*w - 17. What is the remainder when w is divided by o?
0
Suppose 240 = 49*z - 29*z. Calculate the remainder when 88 is divided by z.
4
Suppose -3*w - w + 35 = -3*g, 3*g + 40 = 5*w. Let m = 13 - g. What is the remainder when 31 is divided by m?
13
Let j(l) = -10*l + 122. What is the remainder when 96 is divided by j(8)?
12
Let m(x) = x**3 - 4*x**2 - 21*x + 24. Suppose -3*h + l + 4*l + 19 = 0, 21 = 2*h + 5*l. Calculate the remainder when m(h) is divided by 23.
20
Let o(w) = 3*w**3 - 2*w**2 - 4*w + 1. Let z = -42 - -56. What is the remainder when o(3) is divided by z?
10
Let u(b) = 5*b**2 + 89*b - 12. Suppose o - 6*x = -2*x + 10, -5*x + 75 = 5*o. What is the remainder when o is divided by u(-18)?
2
Let m = 443 + -322. Calculate the remainder when m is divided by 53.
15
Let r = -116 + 161. What is the remainder when r is divided by 15?
0
Let g = -1722 + 1760. Calculate the remainder when 141 is divided by g.
27
Suppose -3*c + 65 = 4*d, -d - 4*c = -3*c - 15. Suppose 0 = -2*v + 44 - d. Calculate the remainder when 45 is divided by v.
9
Let i(c) = -c**3 + 15*c**2 + 6*c - 17. Calculate the remainder when i(13) is divided by 5.
4
What is the remainder when 3120/22 - 11/((-363)/6) is divided by 41?
19
Suppose 0 = 5*z - 15, 3*t - 6 + 0 = -z. Let p(y) = 25*y**2 + 2*y - 1. Suppose 5*h - 144 = -2*v, 2*h = -4 - 0. Calculate the remainder when v is divided by p(t).
25
Suppose -v + 3*v + 243 = 3*u, 2*v = 0. What is the remainder when u is divided by 12?
9
Let p(s) = s**2 + 17*s + 99. Calculate the remainder when 327 is divided by p(-6).
30
Suppose -237 + 762 = 15*v. Calculate the remainder when v is divided by 31.
4
Let j be 2/(85/21 - (3 - -1)). Suppose 5*h - 65 = 3*s + j, -s - 4 = 0. Calculate the remainder when 53 is divided by h.
15
Let z(l) = 2*l**3 + 3*l**2 - 2*l + 3. Let w = -20 - -22. What is the remainder when z(w) is divided by 10?
7
Let u = -76 - -141. What is the remainder when u is divided by 17?
14
Suppose -4*y + 55 = -3*y. What is the remainder when y is divided by ((-4)/5)/((-15)/525)?
27
Suppose 2*c + 117 = -c. Calculate the remainder when 17 is divided by 1 + (-13)/(c/18).
3
Let n(u) = -97*u - 2125. Suppose -5*s + 38 + 7 = 5*r, -3*r + s + 19 = 0. What is the remainder when n(-22) is divided by r?
2
Suppose -265 = 3*c - 3334. What is the remainder when c is divided by 38?
35
Let v = 2127 + -1773. Calculate the remainder when v is divided by 86.
10
Let d be (-2)/(-4)